List the prime factors of g.
59
Suppose 8*u - 4*u - 12 = 0, -5*u + 175 = r. What are the prime factors of r?
2, 5
Let y be 4/10 - (-4)/(-10). Suppose -j = -y*j - 2. List the prime factors of j.
2
Let l(i) = 5*i**2 - i**3 + 2 - 1 + 0*i + 0*i - 3*i. Let m be l(4). Suppose 2*w + 3 + 7 = 4*h, -4*w = -m*h + 5. List the prime factors of h.
5
Suppose -6*v = 4*v - 1510. What are the prime factors of v?
151
Suppose 2*f = 8 - 24. Let i be 17/3 + f/(-24). Suppose 4*r = 3*r + i. What are the prime factors of r?
2, 3
Let q(t) be the first derivative of 2*t**3/3 - 5*t**2/2 - 3*t + 1. What are the prime factors of q(5)?
2, 11
List the prime factors of 93 + 25 - (-1)/(1/(-2)).
2, 29
Suppose -28*v = -26*v - 48. What are the prime factors of v?
2, 3
Let x(a) = 47*a - 4. Let h be x(4). Suppose -6*f = -2*f - h. List the prime factors of f.
2, 23
Let w(r) = r**2 - 10*r + 9. Let n be w(8). List the prime factors of -1 - n/(14/24).
11
Suppose -54 = -3*k + 81. Suppose 4*n = n + k. List the prime factors of n.
3, 5
Suppose -2*z + 90 = 10. What are the prime factors of z?
2, 5
Let k = 32 - 46. Suppose 21 = -4*n + n. Let b = n - k. List the prime factors of b.
7
Let x = 28 - 17. List the prime factors of x.
11
Let h(j) be the first derivative of j**2 - 9*j + 3. List the prime factors of h(15).
3, 7
Let u = -41 + 135. What are the prime factors of u?
2, 47
List the prime factors of 84/(-36)*(-13 - -1).
2, 7
Let r be (-1400)/(-12) - (-4)/(-6). Suppose 6*v = 2*v + 2*x + r, -5*v + 4*x + 145 = 0. What are the prime factors of v?
29
Suppose 4*a + n - 10 - 77 = 0, 21 = a + n. List the prime factors of a.
2, 11
Let c(g) = -5*g - 1. Let d be c(-1). Suppose -2*p = -u - 109, 3*p - 4*u = 4*p - 32. Suppose d*w = p - 4. What are the prime factors of w?
2, 3
Let y(c) = -1. Let k(j) = j + 3. Let h(q) = -k(q) - 5*y(q). Let u be h(0). Let v = u + 0. List the prime factors of v.
2
Suppose 2*c + 2*v - 265 = v, v = -5. Suppose c = 5*z - 3*f, 3*z - 4*f - 81 = -f. List the prime factors of z.
3
Let q(r) = -r**3 - 8. Suppose 4*c = 2*c. Let l be q(c). Let n = 13 + l. List the prime factors of n.
5
Suppose -2*f = 3*f + z + 14, 2*f + 24 = -5*z. What are the prime factors of ((-4)/f)/(8/52)?
13
What are the prime factors of (88/(-16))/((-1)/10)?
5, 11
Let q(z) = 6*z + 0*z + 0 - z**3 - 1 + 4*z**2. Let g be (-10 - 0)/(12/(-6)). What are the prime factors of q(g)?
2
Let s = -4 + 10. Let u be 50/3*s/5. Let t = -10 + u. List the prime factors of t.
2, 5
Let k = 6 - 4. Let s(v) = -8*v**3 + 7*v**2 + 2*v. Let z(h) = -h**3 + h**2. Let t(n) = -s(n) + 5*z(n). List the prime factors of t(k).
2, 3
Let w = -4 - -7. Suppose -w*h = -4*h. Suppose -4*j + 17 = -l, 3*j - l - 13 = -h*j. What are the prime factors of j?
2
Let v(b) = -b**3 - 5*b**2 + 5*b + 8. What are the prime factors of v(-6)?
2, 7
Suppose -4*t + 0*t + 12 = 0. Suppose g = -t*q + 43, 5 = 3*g + 20. List the prime factors of q.
2
Let k be 6/9*2*9. Suppose 2*y = -3*h + 16, -2*h + k = y + y. List the prime factors of h.
2
Let k be 39/6*10*1. Suppose 4*b = -b + k. What are the prime factors of b?
13
Let b(d) = d**3 - 5*d**2 + 4*d - 1. Let k be b(4). Let z be k*3 - 14/(-2). Suppose 0 = -4*f + h + 48, -z*h + 36 = -0*f + 3*f. List the prime factors of f.
2, 3
Suppose c = -2*c + 3. List the prime factors of (5 - (0 + c)) + -1.
3
Let k(g) = 5*g**2 + 4*g + 3 - 2*g**2 + g**2. What are the prime factors of k(-2)?
11
Let q be 9/12*(0 - 4). List the prime factors of (63/(-3))/q*1.
7
Suppose 2*c = 5*v + 34, 0 = v + 2*v + 6. What are the prime factors of 45/2*16/c?
2, 3, 5
Let j = 173 + -113. List the prime factors of j.
2, 3, 5
Suppose -203 = -40*m + 33*m. List the prime factors of m.
29
Suppose 0 = -t - t - 4. Let l = 10 + t. What are the prime factors of l?
2
Suppose 0 = 9*k - 0*k - 1917. List the prime factors of k.
3, 71
List the prime factors of -4 + (3 - (-1 + -9)).
3
What are the prime factors of (-3542)/(-35) + (-1)/5?
101
Let h be (-20)/(-5)*42/8. Let f be (-6)/h + 2/7. Suppose s - 3*y + 5*y - 4 = f, -4*s = 4*y - 28. What are the prime factors of s?
2, 5
Let z = 30 - 3. List the prime factors of z.
3
Let b = -3 - -6. Suppose -4*v - b*s = 2*s - 12, 0 = 3*v + 2*s - 2. List the prime factors of (-1)/v - 46/(-4).
2, 3
Let o = -5 + -7. Let h = o + 17. Suppose -4*b - 51 = -h*f, b + 3 = -1. List the prime factors of f.
7
Let p(q) be the third derivative of q**6/120 + q**5/20 - q**3/6 - 2*q**2. Let u be p(-2). Suppose 74 = u*l + 14. List the prime factors of l.
2, 5
Let o(h) = h**2 - 3*h + 3. Let y be o(2). Let x = y - -3. Suppose -5*l = -3*d - 2, x*d - 2*l = 20 - 4. List the prime factors of d.
2, 3
Suppose -2*n - 18 = -5*j, 4*j + 3*n + n + 8 = 0. Let m be (11 + -3)*3/j. Suppose u + 1 = m. List the prime factors of u.
11
Suppose -t - 310 = -3*t + g, 0 = -2*t + 2*g + 306. List the prime factors of t.
157
Suppose -2*p + 0*t + 11 = -t, 2*p + 5*t = 5. Let j = p - -2. What are the prime factors of j?
7
What are the prime factors of (-16)/(-8) - 40/(-1)?
2, 3, 7
Let x = -9 - -9. Suppose -5*i + x*i + 85 = 0. List the prime factors of i.
17
Let v be (1 - 1) + 3 + -5. Let j be (-3)/(v - (-2 - -1)). Suppose -t + j*t - 4 = 0. What are the prime factors of t?
2
Suppose a = -0*a - 2. Let w(i) = -4*i + 2. What are the prime factors of w(a)?
2, 5
Let d(v) = -v**2 - 2*v + 6. Let u be d(4). Let c = -10 - u. What are the prime factors of c?
2
What are the prime factors of (1 + 12)/((-3)/(-6))?
2, 13
Suppose 0 = -4*q + 4*b + 24, 6*b + 22 = 2*q + 2*b. Let a be -1 + (1 - q) + -2. List the prime factors of 1*(1 + (-1 - a)).
3
Suppose 0*z - z = 5*m - 10, 2*m - 4 = -4*z. Suppose -o - 2 = 3*t, o + 0*t - 3*t = 10. Suppose o*i = 3*i + m. List the prime factors of i.
2
Suppose 3*t + 2*t - 570 = 0. List the prime factors of t.
2, 3, 19
Let a = 0 + 5. Suppose -a*p + p = -104. What are the prime factors of p?
2, 13
Suppose 6*q - 35 - 67 = 0. Let g = q + 38. List the prime factors of g.
5, 11
Suppose 1 + 14 = 5*o. Suppose 0 = j + j + 2, -o*j = -5*f - 42. List the prime factors of 3 - 2 - f - -1.
11
Suppose 12 = -3*b + 75. Suppose 0 = -5*q + b - 1. What are the prime factors of q?
2
Suppose 0 = -h - 4*h + 245. What are the prime factors of h?
7
Suppose 0 = -4*o + 2*h - 0*h + 228, -h - 2 = 0. What are the prime factors of o?
2, 7
Let n = 5 - -5. What are the prime factors of n?
2, 5
Let z(o) = o - 13. Let u be z(8). Let t = 18 + u. List the prime factors of t.
13
Suppose 0*b - 10 = -5*b, -583 = -3*o + b. List the prime factors of o.
3, 5, 13
Let c = 5 - 5. Suppose 3*m - 1 - 11 = c. Suppose 0 = -5*q - m*p + 31 + 23, p - 11 = -q. What are the prime factors of q?
2, 5
Suppose -7 = -5*l + 3. Suppose 4*y = l*y + 30. Let p = -9 + y. What are the prime factors of p?
2, 3
Let j = 187 - 118. List the prime factors of j.
3, 23
List the prime factors of (532/(-6))/((-13)/39).
2, 7, 19
Let a(u) = -u**3 - u**2 + u + 2. List the prime factors of a(-4).
2, 23
Let p(r) = r**2 + 3*r - 6. Let a be p(-5). Let b be (-6)/(-24) - 13/a. Let w(v) = -v**2 - 7*v. List the prime factors of w(b).
2, 3
Let u be (-2)/4 + (-30)/(-12). Suppose 6*w = -4*i + 3*w + 53, -61 = -5*i - u*w. List the prime factors of i.
11
Let b be -6*7*(-12)/9. Suppose 0*c = -4*c + b. Suppose n = -n - 2*j + c, 47 = 5*n + 2*j. What are the prime factors of n?
11
Suppose 202 = -0*t + 3*t + 2*c, t = -3*c + 79. List the prime factors of t.
2
Suppose l + 6 = -l. Let p(c) = -2 + 0*c - 5*c - 1. What are the prime factors of p(l)?
2, 3
Let l(o) = o. Let p be l(2). Let t(g) = -g**2 + 14*g - 9. Let v be t(12). Let f = v - p. List the prime factors of f.
13
What are the prime factors of (-89 + 41)/(0 - 2/4)?
2, 3
Suppose 254 = 5*o + 129. List the prime factors of o.
5
Suppose -w + 5*w = 12, -2*w - 72 = -3*z. Suppose -5*m = -3*m - z. Suppose -4*k = -3*k + 5*j + m, 3*k + j = 17. What are the prime factors of k?
7
Let j(z) = -z**3 - 2*z + 38. What are the prime factors of j(0)?
2, 19
Let h = 3 - -3. Let i = 19 - h. What are the prime factors of i?
13
Suppose 2*f - 228 = -2*r, 294 = 5*r - 3*f - 276. What are the prime factors of r?
2, 3, 19
Suppose 5*t = 10 - 30. Let b be (-1 + 3 - t) + 2. What are the prime factors of (-21)/(-2) - (-4)/b?
11
Suppose -4*f - 2*n + n + 845 = 0, f = -2*n + 220. What are the prime factors of f?
2, 3, 5, 7
Let s = 306 - 179. What are t